*2 - 7*v + 5. Let b be c(7). Let l(d) = -2149*d**2 - 2. Let a be l(-1). Calculate the remainder when 1*(-2)/b + a/(-15) is divided by 36.
35
Let y(j) = 2*j**2 - 247*j + 637. Calculate the remainder when y(124) is divided by 11.
2
Suppose v = -3*d + 405, 540 = 4*d - 126*v + 129*v. Let x = -4 + 18. Calculate the remainder when d is divided by x.
9
Suppose 55*v + 3247 = 25302. What is the remainder when v is divided by 395?
6
Let o(w) = -w**3 + 7*w**2 - 2*w + 12. Let r be o(7). Let q be (0 - -1)*((-20)/(-5) + 2). Calculate the remainder when r/q + (-760)/(-12) is divided by 23.
17
Let y(t) = t**2 + 4*t + 10. Let i be 37/(-5)*(-45)/9. Suppose -2*z + i = -57. What is the remainder when z is divided by y(-4)?
7
Let y(s) = -2*s**3 - 2*s**2 + 531*s + 1588. What is the remainder when 1057 is divided by y(-3)?
3
Suppose -10*w = -9*w - 32*w + 124. What is the remainder when 1099 is divided by w?
3
Suppose 49*c + 590 = 17642. Calculate the remainder when c is divided by 40.
28
Let m(i) = i**2 + 6*i + 15. Let h be (-2)/(-7) - (-44)/(-7). What is the remainder when 2/(-2)*2 - (-66 - 7) is divided by m(h)?
11
Let c(s) = s**2 - 40*s + 42. Let a be c(39). Calculate the remainder when 139 is divided by a + 10/(-3) - 584/(-24).
19
Let y = 1030 + -998. Suppose -4*w + 2 = -14, -5*w - 90 = -5*h. What is the remainder when y is divided by h?
10
Let i = 3538 - 3475. Calculate the remainder when 126 is divided by i.
0
Suppose x = 4*v + 37, x = -x + 2*v + 50. Suppose 23*l = x*l + 178. What is the remainder when l is divided by 10?
9
Let m = 2508 - 2458. Calculate the remainder when 151 is divided by m.
1
Let q = 278 + -248. What is the remainder when ((-3969)/(-14))/((-2)/(-4)) is divided by q?
27
Suppose -219 = -3*b + 3*j, -4*b - j = -2*b - 152. Calculate the remainder when 292 is divided by b.
67
What is the remainder when (29 - 6216/210) + 366/10 is divided by 25?
11
Let t = 21682 - 21665. What is the remainder when 7237 is divided by t?
12
Let k = 85 - 85. Suppose -2*f + 3*f - 51 = -y, k = 5*f - 2*y - 220. What is the remainder when f is divided by 10?
6
What is the remainder when (-18)/(((-4)/110)/((-22)/(-10))) is divided by 42?
39
Let u(v) = -19*v**2 + 123*v - 8. What is the remainder when 154 is divided by u(6)?
16
Let k = 9099 - 9062. Calculate the remainder when 480 is divided by k.
36
Suppose 2185 = 26*j - 1325. What is the remainder when j is divided by 20?
15
Let i = 282 + -81. Let o = i + -163. Let t = 2 + 3. Calculate the remainder when o is divided by t.
3
Suppose 0 = -z - 2*d + 25, -83*d = -z - 78*d + 109. Let r = 526 + -282. Calculate the remainder when r is divided by z.
48
Suppose 1268*x - 3696 = 1246*x. What is the remainder when x is divided by 86?
82
Let o(q) be the first derivative of -q**4/4 - 6*q**3 - 49*q**2/2 + 49*q + 123. What is the remainder when o(-15) is divided by 37?
35
Let v(d) = -3*d - 12. What is the remainder when (-23802)/(-162) - (-58)/783 is divided by v(-9)?
12
Suppose -16*d = 3*g + 120, 27*g + 4*d - 4 = 22*g. What is the remainder when 1067 is divided by g?
3
Let z(s) = 12 + 22 - 53 + 3*s**2 - 7*s. Calculate the remainder when z(-5) is divided by 20.
11
Suppose 0 = -94*y + 96*y - 6. Suppose 2*i - 10 = 5*o, -48*i + 52*i = -y*o + 46. Calculate the remainder when 108 is divided by i.
8
Let f(g) = 2*g**2 + 68*g + 314. What is the remainder when 37 is divided by f(-5)?
13
Calculate the remainder when -34*(-42)/1071*(-3)/(-8)*754 is divided by 159.
59
Let h(l) = 1617*l**2 + 201*l + 411. What is the remainder when h(-2) is divided by 209?
207
Suppose -418 + 105 - 3376 = -119*m. What is the remainder when 522 is divided by m?
26
Suppose -4*d - 3 + 19 = 0. Let s(h) = h**2 - 19*h + 94. Let c be 238/26 + ((-160)/26 - -6). Calculate the remainder when s(c) is divided by d.
0
Suppose 0 = d - 3*z - 11 - 7, -3*d + 4*z = -29. What is the remainder when -83*2/(-4) + (-237)/158 is divided by 2 - d - -1*23?
18
Let o = -198 - -208. Suppose -4*j - 58 = 5*c - o*c, j = -c + 17. Calculate the remainder when 53 is divided by c.
11
Let o = 254 - 151. Suppose 3*q = 145 - o. Calculate the remainder when 167 is divided by q.
13
Suppose 0 = -k - 61*h + 63*h + 17, -5*h = 2*k - 43. Let i = -1594 - -889. Calculate the remainder when (-2)/3*i/10 is divided by k.
9
Suppose -23 = 4*n + 4*z - 79, 2*n - 23 = -z. Let f = 23 + -10. Suppose n + f = s. Calculate the remainder when 41 is divided by s.
19
Let v be (12/(-7))/((-31)/217). Let d(r) = 3*r - 30. Let m be d(v). Calculate the remainder when 6 is divided by 10/(-15) + 34/m.
1
Suppose -920 = -5*j + x, 6*j + 5*x = 2*j + 707. What is the remainder when j is divided by -5869 + 5894 - (0 - 3*2)?
28
Let h(l) = -l**3 + l**2 - 3*l + 12. What is the remainder when h(-5) is divided by (18/(71 + -17))/((-1)/(-108))?
33
Let o(w) be the first derivative of -125*w**2/2 + 142*w - 322. Let g = -16 + 65. Calculate the remainder when g is divided by o(1).
15
Suppose 16*m = -11023 + 239. Let h = m - -1024. What is the remainder when h is divided by 44?
42
Let d(t) = 8*t**2 - 11*t - 35. Let b be d(-18). Suppose 34*u - 5*u = b. What is the remainder when u is divided by 16?
15
Let f(y) = -y**2 + 26*y - 113. What is the remainder when 930 is divided by f(20)?
6
Suppose -4*s - 55 = -3*d + 450, d - 4*s = 171. Suppose 0 = -7*q + d + 134. Calculate the remainder when 128 is divided by q.
42
Let b = -75 - -108. Let r be 5154/(-39) - (-2)/13. Calculate the remainder when b is divided by (1 - 4)/(22/r).
15
Suppose -812 - 651 = -19*d. What is the remainder when d is divided by 40?
37
Suppose 5*r = 4*g + 324, -2*r + 302*g = 306*g - 96. Let m = 106 + -70. Calculate the remainder when r is divided by m.
24
Let v = -5 - -7. Suppose 4*h + 2 = -0*h + 2*y, 13 = 4*h + y. Suppose 0 = v*o + 5*a - 175, 0*o - 170 = -h*o - 4*a. What is the remainder when o is divided by 13?
10
Suppose 25*u = -0*u - 1775. Let j = -61 - u. What is the remainder when 97 is divided by j?
7
Suppose 0 = -44662*a + 44555*a + 4494. Let j = 46 + 36. Calculate the remainder when j is divided by a.
40
Suppose 0*i - 40 = -i. Let p = i + -20. Suppose 18*j + 94 = p*j. Calculate the remainder when j is divided by 16.
15
Let j(g) = -210*g + 1059. Calculate the remainder when 139 is divided by j(5).
4
Let i = 2061 + -1727. Calculate the remainder when i is divided by 16.
14
Let n = 284 + -295. What is the remainder when ((-22242)/18)/n - 1/3 is divided by 41?
30
Suppose 0 = 10*x - 2*x - 424. Let u = -40 + x. Suppose -u*y + 2 = -12*y. Calculate the remainder when 17 is divided by y.
1
Let j be 8/(-3) + (-2)/6 + -70. Let p be (j/4)/((-20)/240). Suppose 3*h = 6*r - 7*r + p, 5*h - 4*r - 348 = 0. What is the remainder when h is divided by 26?
20
Let w be (-11)/(-9) - 6*2/54. Let s(x) = 26*x**3 + x - 2. What is the remainder when s(w) is divided by 12?
1
Let i(w) = 963*w**3 - 3*w**2 + 4*w - 1. Suppose 119 = -13*n + 392. What is the remainder when i(1) is divided by n?
18
Let o = -5860 - -6114. Let i = -211 - -299. Calculate the remainder when o is divided by i.
78
Suppose 0 = 44*a + 41*a - 11755 - 4395. Calculate the remainder when 198 is divided by a.
8
Let l(q) = 17*q + 74. Let t = 249 - 253. Calculate the remainder when 23 is divided by l(t).
5
What is the remainder when 1144 is divided by (-160)/(-300)*5*(-21)/(-2)?
24
Suppose o - 4*h - 199 = -3*h, -3*h + 423 = 2*o. Suppose -13*z = 4*z - o. Calculate the remainder when 31 is divided by z.
7
Let a = -1639 - -1683. Calculate the remainder when 874 is divided by a.
38
Let v(j) = -j**3 - 5*j**2 + j + 16. Let w be v(-4). What is the remainder when 79 is divided by 1288/70 + w/10?
7
Suppose -3*d = -2*v + 2867, -2*v - 37*d + 32*d + 2891 = 0. What is the remainder when v is divided by 61?
35
Let k = 186 - 123. Let j(s) = -78*s - 343. Calculate the remainder when k is divided by j(-5).
16
Suppose -11*p + p = 18*p - 17052. Calculate the remainder when p is divided by 10.
9
Let y = -176880 + 176900. Suppose -5*w + 131 = -154. Calculate the remainder when w is divided by y.
17
Suppose -23*n + 36*n - 23*n + 5640 = 0. What is the remainder when n is divided by 230?
104
Let b(t) = 692*t - 687. What is the remainder when 168 is divided by b(1)?
3
Suppose -10*u - 17 = 13. Let h(w) = -w**2 - 8*w - 3. Let d be h(u). Let j(g) = -g**2 + 13*g + 22. What 